t common factor of 7138 and 172?
86
Calculate the greatest common divisor of 183094 and 946.
86
What is the greatest common divisor of 21 and 23499?
21
What is the highest common divisor of 468326 and 1748?
46
Calculate the highest common factor of 5040 and 10980.
180
Calculate the greatest common factor of 90013 and 78155.
539
What is the greatest common divisor of 158644 and 8?
4
What is the highest common divisor of 1150 and 3818?
46
Calculate the highest common divisor of 16632 and 7182.
378
What is the highest common factor of 319616 and 96?
32
What is the highest common factor of 83349 and 343?
343
Calculate the greatest common factor of 146480 and 200.
40
Calculate the highest common factor of 4075 and 5053.
163
What is the greatest common divisor of 1296 and 11772?
108
Calculate the greatest common divisor of 290889 and 45.
9
What is the highest common divisor of 5150 and 2678?
206
What is the greatest common factor of 2567544 and 527?
527
What is the highest common divisor of 44 and 62359?
11
What is the highest common divisor of 93401 and 231?
77
Calculate the highest common divisor of 75299 and 868.
217
Calculate the greatest common divisor of 433 and 12557.
433
Calculate the greatest common divisor of 30129 and 747.
249
What is the greatest common divisor of 879 and 37211?
293
What is the highest common factor of 144 and 102288?
48
Calculate the highest common divisor of 4451304 and 4576.
1144
What is the greatest common factor of 288 and 165408?
96
Calculate the greatest common divisor of 96 and 16944.
48
What is the highest common factor of 29640 and 58140?
1140
What is the greatest common divisor of 153 and 340857?
9
What is the highest common factor of 15 and 1748490?
15
What is the greatest common divisor of 1050 and 571830?
210
Calculate the greatest common divisor of 10730 and 658970.
370
Calculate the highest common divisor of 2823204 and 276.
276
What is the greatest common factor of 10 and 195245?
5
What is the highest common divisor of 30 and 1100?
10
Calculate the greatest common divisor of 5775 and 105525.
525
What is the greatest common factor of 442 and 328406?
442
What is the highest common divisor of 99407 and 385?
77
Calculate the greatest common divisor of 304 and 46.
2
Calculate the greatest common factor of 14045 and 848.
53
Calculate the highest common factor of 32046 and 3822.
294
What is the highest common divisor of 231 and 4137?
21
What is the highest common factor of 6 and 120534?
6
What is the highest common factor of 288 and 477?
9
Calculate the highest common divisor of 192710 and 35.
35
Calculate the highest common factor of 1911 and 245.
49
Calculate the greatest common divisor of 1673 and 413.
7
What is the highest common factor of 5504136 and 48?
24
What is the greatest common divisor of 120 and 54930?
30
What is the highest common factor of 20 and 1332030?
10
What is the greatest common factor of 4928 and 26488?
616
What is the greatest common divisor of 8296 and 5856?
488
Calculate the highest common factor of 105 and 163545.
15
What is the highest common factor of 16 and 474568?
8
What is the greatest common divisor of 13900 and 3200?
100
What is the greatest common factor of 1400 and 42?
14
Calculate the highest common divisor of 9 and 39867.
3
What is the highest common divisor of 198 and 114?
6
Calculate the highest common divisor of 100906 and 52.
26
What is the highest common divisor of 1423584 and 288?
288
What is the highest common factor of 19847 and 4272?
89
Calculate the greatest common factor of 84 and 130848.
12
Calculate the greatest common factor of 488 and 1086532.
244
Calculate the greatest common factor of 24264 and 8256.
24
What is the highest common factor of 2951461 and 271?
271
Calculate the highest common factor of 3 and 667595.
1
What is the highest common divisor of 146 and 95192?
146
Calculate the highest common divisor of 27260 and 232.
116
What is the highest common divisor of 736384 and 4707?
523
What is the greatest common divisor of 611989 and 7?
7
What is the greatest common divisor of 108 and 14600?
4
What is the greatest common divisor of 1520 and 2470?
190
What is the highest common factor of 310959 and 99?
99
Calculate the greatest common factor of 324 and 568782.
162
Calculate the greatest common factor of 1166499 and 1998.
333
What is the highest common divisor of 36961 and 230?
23
What is the greatest common factor of 3846 and 11448?
6
Calculate the highest common divisor of 7448 and 5396.
76
Calculate the greatest common factor of 1688 and 2321.
211
Calculate the highest common divisor of 199844 and 5452.
188
What is the highest common factor of 2 and 16486?
2
Calculate the greatest common factor of 22 and 184738.
2
What is the greatest common divisor of 284 and 928964?
284
What is the highest common divisor of 865 and 1384?
173
What is the highest common divisor of 347130 and 21?
21
What is the highest common divisor of 2255 and 385?
55
Calculate the highest common factor of 24642 and 8880.
222
Calculate the greatest common divisor of 107534 and 84.
14
What is the greatest common divisor of 98856 and 1800?
72
Calculate the highest common factor of 32904 and 1032.
24
What is the greatest common divisor of 2717 and 1368?
19
What is the greatest common factor of 52215 and 185?
5
Calculate the highest common divisor of 2214 and 90405.
369
What is the highest common divisor of 123 and 89667?
123
What is the greatest common factor of 440 and 2651?
11
Calculate the highest common factor of 427150 and 650.
50
What is the greatest common factor of 43631 and 1288?
161
Calculate the highest common divisor of 6600 and 15800.
200
What is the highest common factor of 34602 and 18688?
146
Calculate the highest common factor of 93 and 20802.
3
Calculate the highest common factor of 1963888 and 24.
8
What is the highest common divisor of 37910 and 22523?
223
What is the greatest common divisor of 10 and 267310?
10
What is the greatest common factor of 664 and 120765?
83
What is the greatest common divisor of 5921540 and 380?
380
What is the greatest common factor of 290 and 17284?
58
Calculate the greatest common factor of 306 and 75429.
153
What is the highest common factor of 22 and 25322?
22
What is the greatest common factor of 64009 and 1587?
529
What is the highest common factor of 89403 and 17?
17
What is the highest common factor of 21 and 3618573?
21
What is the greatest common divisor of 1228 and 159026?
614
What is the highest common factor of 14570 and 20?
10
What is the highest common factor of 2834 and 66926?
218
What is the greatest common factor of 37 and 68857?
37
Calculate the greatest common divisor of 12184381 and 781.
781
What is the highest common factor of 6138 and 9517?
31
What is the greatest common factor of 640 and 352140?
20
What is the greatest common factor of 473 and 2266?
11
What is the greatest common divisor of 54 and 103275?
27
What is the greatest common divisor of 71 and 994?
71
What is the greatest common factor of 2783 and 296263?
253
What is the highest common divisor of 51910 and 290?
290
Calculate the highest common factor of 9492 and 126.
42
Calculate the highest common divisor of 54704 and 9994.
526
Calculate the greatest common factor of 473 and 99.
11
What is the highest common divisor of 2058 and 1488816?
294
What is the greatest common divisor of 1074 and 96?
6
What is the greatest common factor of 1401840 and 1320?
1320
What is the highest common divisor of 987949 and 83?
83
What is the greatest common factor of 583312 and 64?
16
What is the highest common divisor of 62 and 772892?
62
Calculate the highest common factor of 5936 and 48.
16
What is the greatest common divisor of 9933 and 875?
7
Calculate the greatest common factor of 121866 and 6.
6
What is the greatest common factor of 15164 and 612?
68
Calculate the highest common divisor of 20 and 2855.
5
Calculate the greatest common divisor of 2592 and 573.
3
Calculate the highest common factor of 90 and 471780.
90
What is the highest common factor of 92690 and 155?
155
What is the highest common divisor of 1956 and 528?
12
Calculate the greatest common factor of 305 and 1660603.
61
What is the greatest common factor of 3755 and 78?
1
What is the highest common facto